1155
What is the remainder when 1358257 is divided by 8282?
9
What is the remainder when 1251453 is divided by 59569?
504
What is the remainder when 5793217 is divided by 2279?
2278
What is the remainder when 1723648105 is divided by 2444?
2441
What is the remainder when 290927 is divided by 2310?
2177
What is the remainder when 266940022 is divided by 25?
22
Calculate the remainder when 1044322118 is divided by 2764.
2762
Calculate the remainder when 4837996 is divided by 7114.
476
What is the remainder when 84706 is divided by 5182?
1794
What is the remainder when 56669 is divided by 6?
5
What is the remainder when 33749 is divided by 8397?
161
What is the remainder when 3662224 is divided by 915549?
28
Calculate the remainder when 26165 is divided by 12932.
301
What is the remainder when 1241915 is divided by 1241909?
6
What is the remainder when 593525 is divided by 231?
86
What is the remainder when 133363 is divided by 145?
108
Calculate the remainder when 109954976 is divided by 340.
336
Calculate the remainder when 233437850 is divided by 23.
17
Calculate the remainder when 2086045272 is divided by 14389.
14386
What is the remainder when 14845097 is divided by 29513?
58
What is the remainder when 7681804 is divided by 726?
724
What is the remainder when 19985 is divided by 9045?
1895
What is the remainder when 12009 is divided by 8583?
3426
What is the remainder when 34835 is divided by 3129?
416
Calculate the remainder when 1797562 is divided by 898316.
930
Calculate the remainder when 6830988 is divided by 488.
452
What is the remainder when 520604 is divided by 129867?
1136
What is the remainder when 260561 is divided by 21554?
1913
What is the remainder when 1305685 is divided by 3587?
17
Calculate the remainder when 4610433 is divided by 1536778.
99
What is the remainder when 1474102 is divided by 958?
698
Calculate the remainder when 9306046 is divided by 631.
58
Calculate the remainder when 255857 is divided by 461.
2
Calculate the remainder when 50897375 is divided by 11655.
11645
Calculate the remainder when 71630885 is divided by 7.
4
Calculate the remainder when 108397561 is divided by 23709.
13
Calculate the remainder when 6560799 is divided by 199.
167
What is the remainder when 32258128 is divided by 59?
55
What is the remainder when 135815 is divided by 1006?
5
What is the remainder when 2030712 is divided by 1896?
96
What is the remainder when 793595 is divided by 123?
122
Calculate the remainder when 56140369 is divided by 523.
503
Calculate the remainder when 84732743 is divided by 129.
125
Calculate the remainder when 3603242 is divided by 1801253.
736
Calculate the remainder when 260233 is divided by 592.
345
Calculate the remainder when 698825 is divided by 5215.
15
Calculate the remainder when 463994 is divided by 22058.
776
Calculate the remainder when 755150 is divided by 51.
44
What is the remainder when 15392761 is divided by 230?
11
Calculate the remainder when 260451 is divided by 700.
51
What is the remainder when 353551 is divided by 259?
16
What is the remainder when 55809007 is divided by 500?
7
What is the remainder when 1151188 is divided by 201?
61
Calculate the remainder when 29368662 is divided by 27.
6
Calculate the remainder when 4278 is divided by 804.
258
Calculate the remainder when 556845 is divided by 1286.
7
What is the remainder when 12425200 is divided by 146?
16
Calculate the remainder when 955055 is divided by 1874.
1189
What is the remainder when 87698973 is divided by 1409?
1404
Calculate the remainder when 31773210 is divided by 2431.
40
Calculate the remainder when 73759 is divided by 3795.
1654
Calculate the remainder when 22440612 is divided by 23.
18
Calculate the remainder when 30429 is divided by 2027.
24
Calculate the remainder when 20419035 is divided by 48.
27
What is the remainder when 3310167 is divided by 557?
473
What is the remainder when 8567795 is divided by 2855871?
182
What is the remainder when 56954 is divided by 2370?
74
Calculate the remainder when 15552462 is divided by 100.
62
Calculate the remainder when 743831 is divided by 1832.
39
Calculate the remainder when 81232737 is divided by 11.
3
Calculate the remainder when 3909652 is divided by 133.
117
What is the remainder when 1472985 is divided by 736489?
7
What is the remainder when 114644 is divided by 38074?
422
Calculate the remainder when 20062023 is divided by 42.
9
Calculate the remainder when 125476 is divided by 80.
36
Calculate the remainder when 515018 is divided by 4359.
656
What is the remainder when 2642648 is divided by 2642643?
5
Calculate the remainder when 28223859 is divided by 4703975.
9
Calculate the remainder when 307961 is divided by 27820.
1941
Calculate the remainder when 36092316 is divided by 2439.
2433
Calculate the remainder when 82036 is divided by 635.
121
Calculate the remainder when 175117 is divided by 57991.
1144
What is the remainder when 126446 is divided by 248?
214
Calculate the remainder when 59832319 is divided by 1883.
1877
What is the remainder when 1232729 is divided by 389?
377
What is the remainder when 4699554 is divided by 12?
6
Calculate the remainder when 482472 is divided by 919.
916
Calculate the remainder when 1451771 is divided by 7332.
35
What is the remainder when 1727495 is divided by 186?
113
Calculate the remainder when 14352960 is divided by 4784316.
12
Calculate the remainder when 825463 is divided by 2768.
599
Calculate the remainder when 388031 is divided by 699.
86
What is the remainder when 715166 is divided by 167?
72
What is the remainder when 687235 is divided by 5633?
9
Calculate the remainder when 260195 is divided by 11312.
19
Calculate the remainder when 28633500 is divided by 74761.
37
Calculate the remainder when 6670092 is divided by 302.
120
Calculate the remainder when 1979145 is divided by 8.
1
Calculate the remainder when 615400 is divided by 122934.
730
What is the remainder when 45561218 is divided by 7593535?
8
What is the remainder when 32640775 is divided by 6528154?
5
What is the remainder when 18905002 is divided by 18?
16
What is the remainder when 415122 is divided by 186?
156
Calculate the remainder when 15251 is divided by 7522.
207
What is the remainder when 582175 is divided by 172?
127
Calculate the remainder when 410377 is divided by 136773.
58
Calculate the remainder when 21967491 is divided by 817.
812
Calculate the remainder when 972026 is divided by 3710.
6
Calculate the remainder when 424791529 is divided by 218.
217
What is the remainder when 25106636 is divided by 338?
334
Calculate the remainder when 13155488 is divided by 108.
8
Calculate the remainder when 87350 is divided by 43443.
464
What is the remainder when 315023 is divided by 60?
23
What is the remainder when 1130069 is divided by 35?
24
What is the remainder when 2744186 is divided by 439?
436
What is the remainder when 425187 is divided by 1196?
607
What is the remainder when 154835 is divided by 4970?
765
Calculate the remainder when 149007 is divided by 1410.
957
Calculate the remainder when 2592650 is divided by 31610.
630
Calculate the remainder when 276843 is divided by 92256.
75
What is the remainder when 34999 is divided by 3886?
25
Calculate the remainder when 11019920 is divided by 1167.
1106
What is the remainder when 234563 is divided by 341?
296
What is the remainder when 15590929 is divided by 78?
55
Calculate the remainder when 6186092 is divided by 139.
36
Calculate the remainder when 2430507 is divided by 4543.
2
What is the remainder when 9563217 is divided by 12?
9
Calculate the remainder when 139991852 is divided by 2390.
2382
What is the remainder when 136001 is divided by 1200?
401
What is the remainder when 132276317 is divided by 1496?
1493
What is the remainder when 900794815 is divided by 1472?
1471
What is the remainder when 698783 is divided by 75?
8
Calculate the remainder when 238447664 is divided by 404.
400
Calculate the remainder when 78534839 is divided by 15.
14
What is the remainder when 46862 is divided by 22790?
1282
What is the remainder when 57733 is divided by 495?
313
Calculate the remainder when 243385 is divided by 1718.
1147
What is the remainder when 309078 is divided by 103003?
69
Calculate the rem